t the prime factors of 15527.
15527
What are the prime factors of 48930?
2, 3, 5, 7, 233
What are the prime factors of 2938?
2, 13, 113
What are the prime factors of 12757?
12757
List the prime factors of 384.
2, 3
What are the prime factors of 61122?
2, 3, 61, 167
List the prime factors of 33319.
11, 13, 233
List the prime factors of 61178.
2, 13, 181
What are the prime factors of 770?
2, 5, 7, 11
What are the prime factors of 6920?
2, 5, 173
What are the prime factors of 65014?
2, 32507
List the prime factors of 1050.
2, 3, 5, 7
What are the prime factors of 330?
2, 3, 5, 11
What are the prime factors of 18695?
5, 3739
What are the prime factors of 32006?
2, 13, 1231
What are the prime factors of 24083?
24083
List the prime factors of 14338.
2, 67, 107
What are the prime factors of 7875?
3, 5, 7
What are the prime factors of 1557?
3, 173
List the prime factors of 100044.
2, 3, 7, 397
What are the prime factors of 133070?
2, 5, 7, 1901
What are the prime factors of 202?
2, 101
List the prime factors of 751.
751
List the prime factors of 4977.
3, 7, 79
What are the prime factors of 35545?
5, 7109
List the prime factors of 424.
2, 53
List the prime factors of 2467.
2467
List the prime factors of 13529.
83, 163
What are the prime factors of 6856?
2, 857
What are the prime factors of 76745?
5, 15349
List the prime factors of 8636.
2, 17, 127
List the prime factors of 7635.
3, 5, 509
What are the prime factors of 8863?
8863
List the prime factors of 755.
5, 151
What are the prime factors of 46015?
5, 9203
What are the prime factors of 656?
2, 41
What are the prime factors of 2074?
2, 17, 61
List the prime factors of 6638.
2, 3319
What are the prime factors of 48269?
13, 47, 79
List the prime factors of 10828.
2, 2707
What are the prime factors of 15807?
3, 11, 479
What are the prime factors of 596?
2, 149
List the prime factors of 1364.
2, 11, 31
List the prime factors of 731.
17, 43
What are the prime factors of 16303?
7, 17, 137
What are the prime factors of 76073?
127, 599
What are the prime factors of 458?
2, 229
List the prime factors of 25331.
73, 347
List the prime factors of 6483.
3, 2161
What are the prime factors of 62424?
2, 3, 17
What are the prime factors of 12078?
2, 3, 11, 61
What are the prime factors of 72635?
5, 73, 199
What are the prime factors of 8963?
8963
What are the prime factors of 126608?
2, 41, 193
What are the prime factors of 9890?
2, 5, 23, 43
What are the prime factors of 4074?
2, 3, 7, 97
What are the prime factors of 13424?
2, 839
What are the prime factors of 17960?
2, 5, 449
List the prime factors of 1010.
2, 5, 101
List the prime factors of 1507.
11, 137
List the prime factors of 63132.
2, 3, 5261
What are the prime factors of 15269?
15269
List the prime factors of 68720.
2, 5, 859
What are the prime factors of 1203?
3, 401
What are the prime factors of 1356?
2, 3, 113
What are the prime factors of 1064?
2, 7, 19
What are the prime factors of 42867?
3, 11, 433
What are the prime factors of 107410?
2, 5, 23, 467
List the prime factors of 771.
3, 257
List the prime factors of 81184.
2, 43, 59
What are the prime factors of 161295?
3, 5, 10753
List the prime factors of 3505.
5, 701
What are the prime factors of 8976?
2, 3, 11, 17
List the prime factors of 671.
11, 61
List the prime factors of 49158.
2, 3, 2731
What are the prime factors of 57433?
79, 727
List the prime factors of 66960.
2, 3, 5, 31
List the prime factors of 1985.
5, 397
What are the prime factors of 325?
5, 13
List the prime factors of 1768.
2, 13, 17
List the prime factors of 4799.
4799
What are the prime factors of 214?
2, 107
What are the prime factors of 76814?
2, 193, 199
What are the prime factors of 77376?
2, 3, 13, 31
List the prime factors of 1216.
2, 19
List the prime factors of 4363.
4363
What are the prime factors of 5390?
2, 5, 7, 11
What are the prime factors of 4065?
3, 5, 271
List the prime factors of 22338.
2, 3, 17, 73
What are the prime factors of 3276?
2, 3, 7, 13
List the prime factors of 53627.
7, 47, 163
What are the prime factors of 4829?
11, 439
List the prime factors of 28808.
2, 13, 277
List the prime factors of 107.
107
List the prime factors of 1157.
13, 89
What are the prime factors of 2258?
2, 1129
List the prime factors of 286.
2, 11, 13
List the prime factors of 129964.
2, 32491
List the prime factors of 2305.
5, 461
List the prime factors of 67080.
2, 3, 5, 13, 43
List the prime factors of 5503.
5503
List the prime factors of 35517.
3, 11839
What are the prime factors of 2163?
3, 7, 103
What are the prime factors of 71939?
7, 43, 239
List the prime factors of 64182.
2, 3, 19, 563
What are the prime factors of 4754?
2, 2377
List the prime factors of 3279.
3, 1093
What are the prime factors of 4603?
4603
What are the prime factors of 16300?
2, 5, 163
List the prime factors of 24160.
2, 5, 151
What are the prime factors of 720?
2, 3, 5
What are the prime factors of 3169?
3169
What are the prime factors of 40567?
113, 359
List the prime factors of 39685.
5, 7937
List the prime factors of 4055.
5, 811
List the prime factors of 9252.
2, 3, 257
List the prime factors of 4615.
5, 13, 71
What are the prime factors of 73950?
2, 3, 5, 17, 29
What are the prime factors of 4205?
5, 29
What are the prime factors of 355?
5, 71
List the prime factors of 1871.
1871
What are the prime factors of 18721?
97, 193
What are the prime factors of 782?
2, 17, 23
List the prime factors of 1037.
17, 61
List the prime factors of 70747.
263, 269
List the prime factors of 77618.
2, 197
List the prime factors of 781.
11, 71
What are the prime factors of 263?
263
What are the prime factors of 116693?
61, 1913
List the prime factors of 26188.
2, 6547
List the prime factors of 254.
2, 127
What are the prime factors of 1219?
23, 53
List the prime factors of 843.
3, 281
List the prime factors of 481.
13, 37
What are the prime factors of 9936?
2, 3, 23
List the prime factors of 150.
2, 3, 5
What are the prime factors of 25729?
11, 2339
List the prime factors of 43752.
2, 3, 1823
What are the prime factors of 500?
2, 5
List the prime factors of 2324.
2, 7, 83
What are the prime factors of 1346?
2, 673
List the prime factors of 14962.
2, 7481
What are the prime factors of 11902?
2, 11, 541
What are the prime factors of 21506?
2, 10753
List the prime factors of 643.
643
List the prime factors of 1002.
2, 3, 167
List the prime factors of 1496.
2, 11, 17
What are the prime factors of 7100?
2, 5, 71
List the prime factors of 103995.
3, 5, 2311
What are the prime factors of 578?
2, 17
List the prime factors of 1930.
2, 5, 193
What are the prime factors of 928?
2, 29
What are the prime factors of 14657?
14657
List the prime factors of 505.
5, 101
What are the prime factors of 7076?
2, 29, 61
List the prime factors of 27827.
27827
List the prime factors of 8511.
3, 2837
List the prime factors of 23712.
2, 3, 13, 19
List the prime factors of 570.
2, 3, 5, 19
What are the prime factors of 1826?
2, 11, 83
What are the prime factors of 2930?
2, 5, 293
List the prime factors of 11369.
11369
List the prime factors of 340.
2, 5, 17
What are the prime factors of 1621?
1621
What are the prime factors of 61250?
2, 5, 7
List the prime factors of 5241.
3, 1747
List the prime factors of 989.
23, 43
What are the prime factors of 3218?
2, 1609
What are the prime factors of 21309?
3, 7103
List the prime factors of 2213.
2213
List the prime factors of 1371.
3, 457
What are the prime factors of 6248?
2, 11, 71
List the prime factors of 51268.
2, 7, 1831
List the prime factors of 1428.
2, 3, 7, 17
List the prime factors of 784.
2, 7
What are the prime factors of 271?
271
List the prime factors of 37823.
109, 347
What are the prime factors of 1329?
3, 443
What are the prime factors of 705?
3, 5, 47
What are the prime factors of 115?
5, 23
What are the prime factors of 4471?
17, 263
What are the prime factors of 2189?
11, 199
List the prime factors of 6795.
3, 5, 151
List the prime factors of 182194.
2, 91097
What are the prime factors of 444?
2, 3, 37
List the prime factors of 21048.
2, 3, 877
What are the prime factors of 1339?
13, 103
What are the prime factors of 1882?
2, 941
What are the prime factors of 5651?
5651
What are the prime factors of 7503?
3, 41, 61
What are th